{"id":23,"date":"2020-03-19T07:08:31","date_gmt":"2020-03-19T07:08:31","guid":{"rendered":"http:\/\/neu.carsten-leygraf.de\/?page_id=23"},"modified":"2020-03-19T18:25:32","modified_gmt":"2020-03-19T18:25:32","slug":"bestattungen","status":"publish","type":"page","link":"https:\/\/www.schreinerei-leygraf.de\/?page_id=23","title":{"rendered":"Bestattungen"},"content":{"rendered":"\n<p>Als Bestattungsunternehmen blicken wir auf eine lange Tradition zur\u00fcck. Die Familie Leygraf betreibt seit 1906 eine Bau- und M\u00f6beltischlerei in B\u00fcderich im Kreis Wesel. Seit dieser Zeit sitzt unser Unternehmen in der Parkstra\u00dfe 6 und hat sich dort kontinuierlich zu einem modernen Betrieb entwickelt.<\/p>\n\n\n\n<figure class=\"wp-block-image size-large is-resized is-style-default\"><img loading=\"lazy\" decoding=\"async\" src=\"http:\/\/neu.carsten-leygraf.de\/wp-content\/uploads\/2020\/03\/33_26_0_bestatter_header_12.jpg\" alt=\"\" class=\"wp-image-21\" width=\"1254\" height=\"369\" srcset=\"https:\/\/www.schreinerei-leygraf.de\/wp-content\/uploads\/2020\/03\/33_26_0_bestatter_header_12.jpg 937w, https:\/\/www.schreinerei-leygraf.de\/wp-content\/uploads\/2020\/03\/33_26_0_bestatter_header_12-300x88.jpg 300w, https:\/\/www.schreinerei-leygraf.de\/wp-content\/uploads\/2020\/03\/33_26_0_bestatter_header_12-768x226.jpg 768w\" sizes=\"(max-width: 706px) 89vw, (max-width: 767px) 82vw, 740px\" \/><\/figure>\n\n\n\n<h2 class=\"wp-block-heading\">Unsere Leistungen<\/h2>\n\n\n\n<p>Wir verlieren nie den Blick f\u00fcr die Fragen und besonderen W\u00fcnsche der Angeh\u00f6rigen. Deshalb steht bei uns immer das Gespr\u00e4ch im Mittelpunkt. Wir nehmen uns stets die n\u00f6tige Zeit und Ruhe um alle wichtigen Punkte zu besprechen. Nicht zuletzt durch unsere langj\u00e4hrige Erfahrung, wissen wir, in welch belastender Situation sich die Angeh\u00f6rigen befinden und m\u00f6chten ihnen so viele Aufgaben wie m\u00f6glich abnehmen.<\/p>\n\n\n\n<h2 class=\"wp-block-heading\">Wir k\u00fcmmern uns um alles Wichtige<\/h2>\n\n\n\n<p>Selbstverst\u00e4ndlich sind wir jederzeit erreichbar und immer einsatzbereit. \u00dcberf\u00fchrungen der Verstorbenen \u00fcbernehmen wir im In- und Ausland. F\u00fcr eine umfassende Beratung stehen wir Ihnen in unserem Hause zur Verf\u00fcgung oder kommen auf Wunsch gerne zu Ihnen nach Hause. Von allen anfallenden Formalit\u00e4ten \u00fcber das Abstimmen von Beerdigungsterminen mit den zust\u00e4ndigen Stellen bis hin zur Abrechnung und Abmeldung bei Krankenkasse, Versicherungen und der gesetzlichen Rente bzw. Firmenrente \u2013 wir k\u00fcmmern uns um das Organisatorische. Gerne veranlassen wir Zeitungsannoncen und den Druck von Trauerkarten oder Danksagungen. Die Trauerfeier gestalten wir nach den W\u00fcnschen der Angeh\u00f6rigen, ob es sich um den individuellen Blumenschmuck oder eine pers\u00f6nliche Dekoration bei der Aufbahrung handelt.<br><\/p>\n\n\n\n<p>S\u00e4rge aus unterschiedlichen Holzarten mit schlichten bis aufwendigen Oberfl\u00e4chen und Urnen aus Stein, Holz, Glas, Gips und Metall stehen zur Verf\u00fcgung. Der Gestaltung von S\u00e4rgen und Urnen sind heutzutage kaum noch Grenzen gesetzt. Somit l\u00e4sst sich ein angemessener Sarg oder eine entsprechende Urne finden, die dem Charakter und dem Leben des Verstorbenen gerecht wird.<\/p>\n","protected":false},"excerpt":{"rendered":"<p>Als Bestattungsunternehmen blicken wir auf eine lange Tradition zur\u00fcck. Die Familie Leygraf betreibt seit 1906 eine Bau- und M\u00f6beltischlerei in B\u00fcderich im Kreis Wesel. Seit dieser Zeit sitzt unser Unternehmen in der Parkstra\u00dfe 6 und hat sich dort kontinuierlich zu einem modernen Betrieb entwickelt. Unsere Leistungen Wir verlieren nie den Blick f\u00fcr die Fragen und &hellip; <\/p>\n<p class=\"link-more\"><a href=\"https:\/\/www.schreinerei-leygraf.de\/?page_id=23\" class=\"more-link\"><span class=\"screen-reader-text\">\u201eBestattungen\u201c<\/span> weiterlesen<\/a><\/p>\n","protected":false},"author":1,"featured_media":39,"parent":0,"menu_order":0,"comment_status":"closed","ping_status":"closed","template":"","meta":{"footnotes":""},"_links":{"self":[{"href":"https:\/\/www.schreinerei-leygraf.de\/index.php?rest_route=\/wp\/v2\/pages\/23"}],"collection":[{"href":"https:\/\/www.schreinerei-leygraf.de\/index.php?rest_route=\/wp\/v2\/pages"}],"about":[{"href":"https:\/\/www.schreinerei-leygraf.de\/index.php?rest_route=\/wp\/v2\/types\/page"}],"author":[{"embeddable":true,"href":"https:\/\/www.schreinerei-leygraf.de\/index.php?rest_route=\/wp\/v2\/users\/1"}],"replies":[{"embeddable":true,"href":"https:\/\/www.schreinerei-leygraf.de\/index.php?rest_route=%2Fwp%2Fv2%2Fcomments&post=23"}],"version-history":[{"count":1,"href":"https:\/\/www.schreinerei-leygraf.de\/index.php?rest_route=\/wp\/v2\/pages\/23\/revisions"}],"predecessor-version":[{"id":24,"href":"https:\/\/www.schreinerei-leygraf.de\/index.php?rest_route=\/wp\/v2\/pages\/23\/revisions\/24"}],"wp:featuredmedia":[{"embeddable":true,"href":"https:\/\/www.schreinerei-leygraf.de\/index.php?rest_route=\/wp\/v2\/media\/39"}],"wp:attachment":[{"href":"https:\/\/www.schreinerei-leygraf.de\/index.php?rest_route=%2Fwp%2Fv2%2Fmedia&parent=23"}],"curies":[{"name":"wp","href":"https:\/\/api.w.org\/{rel}","templated":true}]}}